{"id":51114,"date":"2018-11-15T11:48:03","date_gmt":"2018-11-15T11:48:03","guid":{"rendered":"https:\/\/www.bitcodesoft.com\/?post_type=product&#038;p=51114"},"modified":"2022-07-15T22:45:22","modified_gmt":"2022-07-15T22:45:22","slug":"gantt-reservas","status":"publish","type":"product","link":"https:\/\/www.bitcodesoft.com\/index.php\/producto\/gantt-reservas\/","title":{"rendered":"Gantt reservas"},"content":{"rendered":"<p>Calendario QML que te permite agregar una agenda gantt de reservas a tu aplicaci\u00f3n Velneo, crea reservas con un solo click del rat\u00f3n, arrastrando y soltando permitiendo a los usuarios gestionar el checkin y checkout de la reserva de una forma r\u00e1pida e intuitiva.<\/p>\n","protected":false},"excerpt":{"rendered":"<p>Calendario QML que te permite agregar una agenda gantt de reservas a tu aplicaci\u00f3n Velneo<\/p>\n","protected":false},"featured_media":51093,"template":"","meta":[],"product_brand":[],"product_cat":[143,141],"product_tag":[],"class_list":{"0":"post-51114","1":"product","2":"type-product","3":"status-publish","4":"has-post-thumbnail","6":"product_cat-qml-velneo","7":"product_cat-velneo7","8":"description-off","10":"first","11":"instock","12":"downloadable","13":"taxable","14":"shipping-taxable","15":"purchasable","16":"product-type-simple"},"_links":{"self":[{"href":"https:\/\/www.bitcodesoft.com\/index.php\/wp-json\/wp\/v2\/product\/51114","targetHints":{"allow":["GET"]}}],"collection":[{"href":"https:\/\/www.bitcodesoft.com\/index.php\/wp-json\/wp\/v2\/product"}],"about":[{"href":"https:\/\/www.bitcodesoft.com\/index.php\/wp-json\/wp\/v2\/types\/product"}],"wp:featuredmedia":[{"embeddable":true,"href":"https:\/\/www.bitcodesoft.com\/index.php\/wp-json\/wp\/v2\/media\/51093"}],"wp:attachment":[{"href":"https:\/\/www.bitcodesoft.com\/index.php\/wp-json\/wp\/v2\/media?parent=51114"}],"wp:term":[{"taxonomy":"product_brand","embeddable":true,"href":"https:\/\/www.bitcodesoft.com\/index.php\/wp-json\/wp\/v2\/product_brand?post=51114"},{"taxonomy":"product_cat","embeddable":true,"href":"https:\/\/www.bitcodesoft.com\/index.php\/wp-json\/wp\/v2\/product_cat?post=51114"},{"taxonomy":"product_tag","embeddable":true,"href":"https:\/\/www.bitcodesoft.com\/index.php\/wp-json\/wp\/v2\/product_tag?post=51114"}],"curies":[{"name":"wp","href":"https:\/\/api.w.org\/{rel}","templated":true}]}}